 - 5. Let g(p) = b(p) + 4*y(p). Calculate g(x).
0
Suppose -5*k + 6*v = 2*v + 105, 5*v = -5*k - 105. Let y be (-2)/7 + (-69)/k. Let a(z) = -4*z + y*z - 1 - 5*z. Give a(1).
-7
Let n(q) = q + 1. Let l(m) = -6. Let o(a) = l(a) + 5*n(a). Suppose -2*k - 8 = -h - 6*k, -3*h = 5*k - 3. Let f be 6*(16/(-12))/h. Calculate o(f).
9
Let r(c) = c**2 - c - 1. Suppose 10*k - 11*k + 5 = 0. Let s be 0*k/(-30)*3. Determine r(s).
-1
Let c(x) = x**2 - 6*x - 4. Let h = 0 - 2. Suppose -2*u = k + 13, -u + 2 - 13 = -k. Let t = h - u. Calculate c(t).
-4
Let n(u) = -u**3 + 10*u**2 + 10*u + 8. Let g(z) = z**3 - 25*z**2 - 56*z + 65. Let o be g(27). Calculate n(o).
-3
Let g = 18 - 6. Let k(d) = -4*d - g*d + 6*d. Calculate k(1).
-10
Let f(i) be the second derivative of -i**5/20 + i**4/12 + 5*i**3/6 - 3*i**2/2 + 623*i. Determine f(3).
-6
Let r(v) = -v - 1. Let m(x) = 3*x + 3. Let h(j) = -2*m(j) - 7*r(j). Suppose -347 + 356 = 9*a. What is h(a)?
2
Let k(a) be the third derivative of a**5/30 - a**4/24 - 2*a**3/3 - 3*a**2 + 11*a. Determine k(4).
24
Let y(w) = 2*w**2 - 11*w + 15. Let a = -549 - -553. Give y(a).
3
Let u(z) = 3*z - 172*z**3 + z**2 + 0*z + 0*z + 169*z**3 - 3. Give u(1).
-2
Let m(i) = -i**3 + 8*i**2 - 8*i + 3. Suppose -19*w = -16*w - 21. Calculate m(w).
-4
Let n(i) = -14*i**2 + 8 + 31*i**2 - 16*i**2 - 1 + 6*i. Give n(-7).
14
Let n(z) be the second derivative of 39*z + 0 + 1/2*z**4 + 5/2*z**2 + 1/3*z**3 + 1/20*z**5. Determine n(-6).
-7
Let g(p) be the second derivative of -5*p**4/12 + p**3/2 - p**2/2 + 43*p + 2. Determine g(3).
-37
Let x(n) be the first derivative of 0*n + 1/3*n**3 + 3/2*n**2 - 6. Calculate x(-4).
4
Let g(w) = 3*w**2 + w + 9. Let a be 0 + 1 - (-1 + -3). Suppose 0 = 4*o + 4, 5*o = 4*t + 2*o + 13. Let p(v) = 4*v**2 + 9. Let x(u) = a*g(u) + t*p(u). Give x(7).
-5
Let i be (1*2)/((-144)/(-216)). Let x(l) = -9*l - 2. What is x(i)?
-29
Let s(m) = 25*m + 41. Let u be s(-2). Let q(o) = 4*o**3 - 4*o**2 - 5*o + 1. Let b(f) = -f**3 - f**2 + f. Let c(z) = -5*b(z) - q(z). Determine c(u).
-1
Let g(x) = -8*x**3 - 6*x**2 - 2*x - 3. Let w(b) = -3*b**3 - 2*b**2 - b - 1. Let p(o) = 4*g(o) - 11*w(o). What is p(2)?
5
Suppose -11 = 2*z + z - 5*a, 0 = 3*a - 12. Let q(t) = 3*t**2 + 51*t**3 + 46*t**3 - 3*t - 98*t**3 + 4. Determine q(z).
-5
Let g be ((-5)/(-2))/(88/(-132)*9/(-12)). Let n(q) = 3*q**3 + 5*q**2 + 4*q - 9. Let u(s) = -2*s**3 - 2*s**2 - 2*s + 4. Let a(d) = 3*n(d) + 5*u(d). What is a(g)?
3
Let d(i) = -i**3 + 6*i**2 + 6*i + 13. Let l be d(7). Let n be 0 - 1 - (-1 + -10). Suppose 9*m = n*m - l. Let c(t) = -t**3 + 5*t**2 + 8*t - 7. What is c(m)?
5
Let q = -17 + 14. Let m = q - -5. Suppose 0 = g + m*g. Let b(a) = a - 2. What is b(g)?
-2
Suppose 0 = 6*s - 10*s + 4. Let g(l) be the third derivative of 3*l**6/40 + l**4/24 - l**3/6 - 23*l**2 + 2. Calculate g(s).
9
Let f(h) = h - 335 - 341 + 685. Determine f(-9).
0
Let k be -5 - -10 - (0 + (-1 - -3)). Let s(p) = 4*p**2 - 3*p - 2. Give s(k).
25
Let j(z) be the third derivative of -1/3*z**3 - 38*z**2 + 0*z - 1/60*z**5 - 1/6*z**4 + 0. Let v(t) = t**2 - 7*t + 4. Let n be v(6). What is j(n)?
2
Let g be 4/50 - (-4144)/700. Let o(s) = s**2 + s - 7. What is o(g)?
35
Let x(p) = -5*p - 2. Let n(a) = -4*a - 1. Let c(w) = -3*n(w) + 2*x(w). Let k be -1 - 76/8*-2. Let s = -14 + k. What is c(s)?
7
Let p(b) = -b**3 + 6*b**2 + 3. Let r be p(6). Let y(m) = -m - 5. Let q(g) = g + 6. Let h(j) = r*q(j) + 4*y(j). What is h(-1)?
-1
Suppose 12 = 5*h - h. Let r be (h/2)/((-9)/24). Let d(t) = t**2 + 3*t - 4. Determine d(r).
0
Suppose -5*a + 2*y - 20 = 0, a + 2*y - 19 = 7*y. Let x be 9/a*(-8)/(-3). Let v(c) = c**3 + 41*c - 84*c + 39*c + 3*c**2. Determine v(x).
0
Let v be (5 - -29)/(3/6*-4). Let c(l) = l**2 + 19*l + 31. What is c(v)?
-3
Let n(l) be the second derivative of l**3/3 - l**2/2 - 187*l + 2. Let a be (-16)/(-7) - 2/7. Determine n(a).
3
Let c(z) = -z + 4*z - 2*z - 17 + 6. Give c(10).
-1
Let r(c) = -15 + 2*c - 12 + 36 + c**2 + 5*c. What is r(-6)?
3
Let g(k) = -k**3 + 8*k**2 + 21*k + 12. Let c(d) = d**3 - 7*d**2 - 22*d - 13. Let p(l) = -6*c(l) - 7*g(l). Let i be p(15). Let o(r) = -r**2 - 8*r. Give o(i).
12
Let r(y) be the third derivative of y**8/6720 + y**7/2520 + 19*y**4/12 + 37*y**2. Let q(z) be the second derivative of r(z). Give q(0).
0
Suppose 2*m - 30 = -4*m. Suppose -m*j = -10*j + 10. Let l(v) = 7 - 9*v - 25*v**2 + 16*v**2 + 8*v**j. Determine l(-9).
7
Suppose -3*i + 9 = 0, -164*c = -161*c + 3*i - 12. Let a(y) = 39*y**3 + y**2 - 3*y + 1. Calculate a(c).
38
Let y(d) = 2*d**2 - d + 3. Let t be y(2). Let q(j) = 11 + 4*j - t*j - 4 + 3*j. What is q(6)?
-5
Suppose v - 3*v = 0. Suppose -2*q + y = 0, 5*q + 4*y - 9 - 17 = v. Let p(h) = h + 0 - q*h + 2 + 0*h. Give p(-5).
7
Let n be ((-8)/20)/(6/(-90)). Let d(o) = o**3 + o**2 - o. Let b be d(0). Let w(f) = -1 - 1 - 3*f + 4*f + b*f. Determine w(n).
4
Let z(d) = 10*d**2 + d**2 + 4*d**2 - 16*d**2 + 2*d. Let k = -155 + 159. Calculate z(k).
-8
Let j(g) = g**3 + 2*g + 6 - 10 - 3*g. Let c be 1*((-11 - -5) + 6). What is j(c)?
-4
Suppose 0*k + 10 = 5*k. Let o(m) = m**3 + 4*m**2 - 10*m**k + 1 + 4*m**2. Let s be 2*-5*1/(-10). What is o(s)?
0
Let x be (0/9 + 4)/(-1 - -3). Let f(g) be the first derivative of 5/3*g**3 - 2 + x*g + 1/2*g**2 - 1/4*g**4. Determine f(5).
7
Let j(c) = -c**2 + 6*c - 3. Suppose 21 = 6*m - 13*m. Let d be (8/m)/(4/(-6)). Give j(d).
5
Let g(i) = i**2 - 2*i - 2. Let h be g(-3). Let m be 36/54*66/4. Suppose -m*f + 16 = -h*f. Let r(n) = -n - 8. Determine r(f).
0
Let g(q) = q**2 - 8*q - 9. Let z be g(5). Let a = z - -23. Let u(b) = 6*b. Calculate u(a).
-6
Suppose 0 = w - 3*m + 12, -3*w + 4*m - 15 = -2*w. Let j(x) = -17 + 5*x + 6 + 7 + 6. Determine j(w).
-13
Suppose 190 = 22*r + 58. Let u(w) = w**2 + w - 1. Determine u(r).
41
Let q(y) = y**2 + 6*y + 1. Let w(x) = -x**2. Let l(i) = 2*q(i) + w(i). Calculate l(-8).
-30
Let v = 927 + -924. Let q(i) = i**3 - 2*i**2 - 6. Calculate q(v).
3
Suppose 7*g = -116 + 102. Let q(a) = -5*a - 3. Give q(g).
7
Let k(t) = -11*t**2 - 3*t + 25. Let o(n) = 13*n**2 + 4*n - 26. Let z(s) = -6*k(s) - 5*o(s). Calculate z(0).
-20
Let o = -2 + 1. Let g be (-2)/o + (-4 - -2) + 1. Let s(f) = -32*f - 1. Determine s(g).
-33
Let r(s) = -s + 4. Let y be r(5). Let i(k) = 11 + 2*k**2 - k - 9 - 3 - k**2 + 7*k**2. Determine i(y).
8
Let g(m) = -4*m - 58. Let h = -80 - -64. Let j be g(h). Let x(z) = -z**2 + 4*z - 3. Determine x(j).
-15
Let j(s) = 731 + 742 - 1483 - 7*s. What is j(-1)?
-3
Let h(v) = -v**3 + 3*v**2 + 5. Let t be (-85)/34*24/(-15). Determine h(t).
-11
Let p(d) = -60*d**2 - 4*d. Let a(n) = -21*n**2 - n. Let t(x) = -3*a(x) + p(x). Let b be -1*14*(-1)/2. Let q be 8/(-28) - (-16)/b. What is t(q)?
10
Let x = -95 - -94. Let j(f) = -f**3 - 2*f**2 + f + 1. Give j(x).
-1
Let p(u) be the second derivative of -u**4/12 - u**3/2 + 13*u**2/2 + 2*u + 232. What is p(-6)?
-5
Let b be (-558)/(-186) - (-1 - (2 + -1)). Let f(c) = 8. Let o(u) = 4 + 23 - 10 + u. Let z(i) = -5*f(i) + 2*o(i). What is z(b)?
4
Let r(x) be the first derivative of x**2/2 + 5*x - 1. Let h = -6 - 6. Let j = 12 + h. Determine r(j).
5
Let w(n) = -n**3 - 5*n**2 - 2*n - 12. Let g be -1 + -3 + -4 + 3. Let y be w(g). Let k(j) = j**3 + 3*j**2 - 2. Calculate k(y).
2
Let k(i) = 80 - 171 - i + 84. What is k(-11)?
4
Let f(u) = 29 - u - 7 - 5*u - 12 - u**2. Calculate f(-8).
-6
Let p(d) = -13*d + 7. Let t(s) = 4*s + 2*s - 4 + s. Let w(i) = -6*p(i) - 11*t(i). Let c = 99 - 105. What is w(c)?
-4
Let y(w) be the second derivative of 1/6*w**3 - w**2 + 0 + 4*w. Let k = 83 + -81. Determine y(k).
0
Let v(j) = j**2 - 4*j - 7. Suppose -2*z + 4*i - 4 = 0, 3*i - 3 = -5*z + 13. Let n be ((-2)/6)/(z/(-6)). Suppose 4*x + 4*f - 7 = n, -17 = -x + 4*f. Give v(x).
-2
Let t(w) = -w**3 - 15*w**2 - 14*w + 18. Suppose -368*b + 616 = -412*b. What is t(b)?
18
Suppose 3*f = -56 + 11. Let m = 20 + f. Suppose -4*x - r = 23, m*x + 12 - 2 = 5*r. Let u(h) = h. What is u(x)?
-5
Suppose -3*z = -z + 8. Let m(x) = 3*x**3 - 7*x**2 + x - 9. Let d(q) = -7*q**3 + 15*q**2 - 2*q + 19. Let j = 5 - 1. Let y(t) = j*d(t) + 9*m(t). Give y(z).
7
Let f(x) = 3*x + 6*x - 9 + 2*x - 5*x - 4*x. What is f(3)?
-3
Let g(r) = -r - 1. Let n(a) = -a**3 + 6*a**2 - 6*a + 5. Let u be n(5). Let p(s) = u*s - 17 - s + 20. Let h be p(0). Calculate g(h).
-4
Let w(y) = 3*y**2 + 2*y + 1. Suppose 